{"id":211,"date":"2018-12-13T17:20:45","date_gmt":"2018-12-13T16:20:45","guid":{"rendered":"http:\/\/zouavespontificaux.be\/wp\/?page_id=211"},"modified":"2019-01-03T12:07:19","modified_gmt":"2019-01-03T11:07:19","slug":"les-zouaves-pontificaux-de-thuin","status":"publish","type":"page","link":"https:\/\/www.zouavespontificaux.be\/?page_id=211","title":{"rendered":"Les Zouaves Pontificaux de Thuin"},"content":{"rendered":"<p><span style=\"color: #333333; font-size: 12pt; font-family: 'Libre Franklin', 'Helvetica Neue', helvetica, arial, sans-serif;\"><strong>La Soci\u00e9t\u00e9 Royale des Zouaves Pontificaux<\/strong> de Thuin est issue du R\u00e9giment fond\u00e9 en 1860 par le comte Xavier de M\u00e9rode, pr\u00e9lat belge, ministre des Arm\u00e9es Pontificales, et dissout en 1870 \u00e0 la suite de la disparition des Etats Pontificaux.<\/span><br \/>\n<span style=\"color: #333333; font-size: 12pt; font-family: 'Libre Franklin', 'Helvetica Neue', helvetica, arial, sans-serif;\">La Soci\u00e9t\u00e9 adh\u00e8re \u00e0 l&rsquo;Association G\u00e9n\u00e9rale des Descendants de Zouaves et des D\u00e9cor\u00e9s Pontificaux approuv\u00e9e par le Souverain Pontife, et sous le Haut Patronage de l\u2019\u00c9piscopat Belge, N\u00e9erlandais, Luxembourgeois et du Nonce Apostolique \u00e0 Bruxelles, La Haye et Luxembourg (G-D).<\/span><br \/>\n<span style=\"color: #333333; font-size: 12pt; font-family: 'Libre Franklin', 'Helvetica Neue', helvetica, arial, sans-serif;\">La Soci\u00e9t\u00e9 ne participe qu&rsquo;\u00e0 des manifestations \u00e0 caract\u00e8re religieux, folklorique ou patriotique .<\/span><\/p>\n<p><span style=\"color: #333333;\"><span style=\"font-size: 12pt; font-family: Libre Franklin, Helvetica Neue, helvetica, arial, sans-serif;\">&nbsp;<\/span><span style=\"font-size: 12pt; font-family: 'Libre Franklin', 'Helvetica Neue', helvetica, arial, sans-serif;\">La Soci\u00e9t\u00e9 Royale des Zouaves Pontificaux se compose des pelotons suivant :<\/span><\/span><\/p>\n<div class=\"main\">\n<div class=\"container\">\n<div class=\"content\">\n<h2>Le G\u00e9nie<\/h2>\n<p><span class=\"span\">Arm\u00e9s de haches, ils ont pour mission d\u2019ouvrir la route au reste de la troupe.<\/span><\/p>\n<\/div>\n<\/div>\n<div class=\"container\">\n<div class=\"content\">\n<h2>La Batterie<\/h2>\n<p><span class=\"span\">La canne du tambour-major marque la cadence. Un mot au sous-officier, et la clique relance fifres et tambours dans un rythme qui entra\u00eenera les Zouaves durant de longues heures. Les diff\u00e9rentes allures de marche sont ainsi command\u00e9es \u00e0 tous les pelotons.<\/span><\/p>\n<\/div>\n<\/div>\n<div class=\"container\">\n<div class=\"content\">\n<h2 class=\"Grd_txt\">La Garde au Drapeau<\/h2>\n<p><span class=\"span\">En point de mire et de ralliement, l&rsquo;\u00e9tendard de la Soci\u00e9t\u00e9 est \u00e9lev\u00e9 par un officier, entour\u00e9 et prot\u00e9g\u00e9 par sa garde personnelle.<\/span><\/p>\n<\/div>\n<\/div>\n<div class=\"container\">\n<div class=\"content\">\n<h2 class=\"Grd_txt\">Les Jeunes Fusiliers<\/h2>\n<p><span class=\"span\">Les jeunes pousses dans l&rsquo;apprentissage de la vie de soldat, qui apprennent le pas, les ordres, \u00e0 ne pas tressaillir au moindre coup de feu et \u00e0 appr\u00e9cier l&rsquo;odeur de la poudre br\u00fbl\u00e9e.<\/span><\/p>\n<\/div>\n<\/div>\n<div class=\"container\">\n<div class=\"content\">\n<h2>Les Fusiliers<\/h2>\n<p><span class=\"span\">Fiers guerriers arm\u00e9s de fusils \u00e0 poudre, avan\u00e7ant comme un seul homme et pr\u00eats \u00e0 en d\u00e9coudre avec n\u2019importe quelle adversit\u00e9.<\/span><\/p>\n<\/div>\n<\/div>\n<div class=\"container\">\n<div class=\"content\">\n<h2 class=\"Grd_txt\">Les Gardes et Porteurs<\/h2>\n<p><span class=\"span\">La dignit\u00e9 de la Soci\u00e9t\u00e9 lui autorise \u00e0 se voir confier l&rsquo;honneur de porter statue et reliques pr\u00e9sent\u00e9es \u00e0 la d\u00e9votion des foules pendant les processions. Les Zouaves Pontificaux ont ainsi la responsabilit\u00e9 de Saint-Roch \u00e0 Thuin. Des gardes en garantissent la s\u00e9curit\u00e9.<\/span><\/p>\n<\/div>\n<\/div>\n<div class=\"container\">\n<div class=\"content\">\n<h2>La Guilitte<\/h2>\n<p><span class=\"span\">La Guilitte est le terme employ\u00e9 pour d\u00e9signer \u00ab\u00a0La Derni\u00e8re Gu\u00e9rite\u00a0\u00bb ou \u00ab\u00a0La Derni\u00e8re Ligne\u00a0\u00bb.<br \/>\nLa t\u00e2che de ce peloton est de fermer la compagnie.<br \/>\nLa tenue est rehauss\u00e9e d&rsquo;un sac au dos, les soldats portent le fusil et sont coiff\u00e9 d&rsquo;un k\u00e9pi.<\/span><\/p>\n<\/div>\n<\/div>\n<\/div>\n<p>&nbsp;<\/p>\n<p>Nous sommes Soci\u00e9t\u00e9 Royale depuis le 26 juin 1991. Actuellement, la soci\u00e9t\u00e9 est forte de plus de 150 membres, avec une particularit\u00e9 marquante: la forte repr\u00e9sentation de la jeunesse, malgr\u00e9 une certaine discipline collective, et sans effectif f\u00e9minin (donc sans cantini\u00e8res !). Par souci d&rsquo;authenticit\u00e9, nous concentrons nos efforts et nos moyens sur la qualit\u00e9 de l&rsquo;\u00e9quipement de nos pelotons.<\/p>\n","protected":false},"excerpt":{"rendered":"<p>La Soci\u00e9t\u00e9 Royale des Zouaves Pontificaux de Thuin est issue du R\u00e9giment fond\u00e9 en 1860 par le comte Xavier de M\u00e9rode, pr\u00e9lat belge, ministre des Arm\u00e9es Pontificales, et dissout en &hellip; <\/p>\n<p class=\"link-more\"><a href=\"https:\/\/www.zouavespontificaux.be\/?page_id=211\" class=\"more-link\">Continuer la lecture<span class=\"screen-reader-text\"> de &laquo;&nbsp;Les Zouaves Pontificaux de Thuin&nbsp;&raquo;<\/span><\/a><\/p>\n","protected":false},"author":3,"featured_media":0,"parent":0,"menu_order":0,"comment_status":"closed","ping_status":"closed","template":"","meta":{"footnotes":""},"class_list":["post-211","page","type-page","status-publish","hentry"],"_links":{"self":[{"href":"https:\/\/www.zouavespontificaux.be\/index.php?rest_route=\/wp\/v2\/pages\/211","targetHints":{"allow":["GET"]}}],"collection":[{"href":"https:\/\/www.zouavespontificaux.be\/index.php?rest_route=\/wp\/v2\/pages"}],"about":[{"href":"https:\/\/www.zouavespontificaux.be\/index.php?rest_route=\/wp\/v2\/types\/page"}],"author":[{"embeddable":true,"href":"https:\/\/www.zouavespontificaux.be\/index.php?rest_route=\/wp\/v2\/users\/3"}],"replies":[{"embeddable":true,"href":"https:\/\/www.zouavespontificaux.be\/index.php?rest_route=%2Fwp%2Fv2%2Fcomments&post=211"}],"version-history":[{"count":34,"href":"https:\/\/www.zouavespontificaux.be\/index.php?rest_route=\/wp\/v2\/pages\/211\/revisions"}],"predecessor-version":[{"id":265,"href":"https:\/\/www.zouavespontificaux.be\/index.php?rest_route=\/wp\/v2\/pages\/211\/revisions\/265"}],"wp:attachment":[{"href":"https:\/\/www.zouavespontificaux.be\/index.php?rest_route=%2Fwp%2Fv2%2Fmedia&parent=211"}],"curies":[{"name":"wp","href":"https:\/\/api.w.org\/{rel}","templated":true}]}}

<p><span style="color: #333333; font-size: 12pt; font-family: 'Libre Franklin', 'Helvetica Neue', helvetica, arial, sans-serif;"><strong>La Société Royale des Zouaves Pontificaux</strong> de Thuin est issue du Régiment fondé en 1860 par le comte Xavier de Mérode, prélat belge, ministre des Armées Pontificales, et dissout en 1870 à la suite de la disparition des Etats Pontificaux.</span><br />
<span style="color: #333333; font-size: 12pt; font-family: 'Libre Franklin', 'Helvetica Neue', helvetica, arial, sans-serif;">La Société adhère à l&rsquo;Association Générale des Descendants de Zouaves et des Décorés Pontificaux approuvée par le Souverain Pontife, et sous le Haut Patronage de l’Épiscopat Belge, Néerlandais, Luxembourgeois et du Nonce Apostolique à Bruxelles, La Haye et Luxembourg (G-D).</span><br />
<span style="color: #333333; font-size: 12pt; font-family: 'Libre Franklin', 'Helvetica Neue', helvetica, arial, sans-serif;">La Société ne participe qu&rsquo;à des manifestations à caractère religieux, folklorique ou patriotique .</span></p>
<p><span style="color: #333333;"><span style="font-size: 12pt; font-family: Libre Franklin, Helvetica Neue, helvetica, arial, sans-serif;">&nbsp;</span><span style="font-size: 12pt; font-family: 'Libre Franklin', 'Helvetica Neue', helvetica, arial, sans-serif;">La Société Royale des Zouaves Pontificaux se compose des pelotons suivant :</span></span></p>
<div class="main">
<div class="container">
<div class="content">
<h2>Le Génie</h2>
<p><span class="span">Armés de haches, ils ont pour mission d’ouvrir la route au reste de la troupe.</span></p>
</div>
</div>
<div class="container">
<div class="content">
<h2>La Batterie</h2>
<p><span class="span">La canne du tambour-major marque la cadence. Un mot au sous-officier, et la clique relance fifres et tambours dans un rythme qui entraînera les Zouaves durant de longues heures. Les différentes allures de marche sont ainsi commandées à tous les pelotons.</span></p>
</div>
</div>
<div class="container">
<div class="content">
<h2 class="Grd_txt">La Garde au Drapeau</h2>
<p><span class="span">En point de mire et de ralliement, l&rsquo;étendard de la Société est élevé par un officier, entouré et protégé par sa garde personnelle.</span></p>
</div>
</div>
<div class="container">
<div class="content">
<h2 class="Grd_txt">Les Jeunes Fusiliers</h2>
<p><span class="span">Les jeunes pousses dans l&rsquo;apprentissage de la vie de soldat, qui apprennent le pas, les ordres, à ne pas tressaillir au moindre coup de feu et à apprécier l&rsquo;odeur de la poudre brûlée.</span></p>
</div>
</div>
<div class="container">
<div class="content">
<h2>Les Fusiliers</h2>
<p><span class="span">Fiers guerriers armés de fusils à poudre, avançant comme un seul homme et prêts à en découdre avec n’importe quelle adversité.</span></p>
</div>
</div>
<div class="container">
<div class="content">
<h2 class="Grd_txt">Les Gardes et Porteurs</h2>
<p><span class="span">La dignité de la Société lui autorise à se voir confier l&rsquo;honneur de porter statue et reliques présentées à la dévotion des foules pendant les processions. Les Zouaves Pontificaux ont ainsi la responsabilité de Saint-Roch à Thuin. Des gardes en garantissent la sécurité.</span></p>
</div>
</div>
<div class="container">
<div class="content">
<h2>La Guilitte</h2>
<p><span class="span">La Guilitte est le terme employé pour désigner « La Dernière Guérite » ou « La Dernière Ligne ».<br />
La tâche de ce peloton est de fermer la compagnie.<br />
La tenue est rehaussée d&rsquo;un sac au dos, les soldats portent le fusil et sont coiffé d&rsquo;un képi.</span></p>
</div>
</div>
</div>
<p>&nbsp;</p>
<p>Nous sommes Société Royale depuis le 26 juin 1991. Actuellement, la société est forte de plus de 150 membres, avec une particularité marquante: la forte représentation de la jeunesse, malgré une certaine discipline collective, et sans effectif féminin (donc sans cantinières !). Par souci d&rsquo;authenticité, nous concentrons nos efforts et nos moyens sur la qualité de l&rsquo;équipement de nos pelotons.</p>

<p>La Société Royale des Zouaves Pontificaux de Thuin est issue du Régiment fondé en 1860 par le comte Xavier de Mérode, prélat belge, ministre des Armées Pontificales, et dissout en &hellip; </p>
<p class="link-more"><a href="https://www.zouavespontificaux.be/?page_id=211" class="more-link">Continuer la lecture<span class="screen-reader-text"> de &laquo;&nbsp;Les Zouaves Pontificaux de Thuin&nbsp;&raquo;</span></a></p>
